remainder when 282 is divided by 57?
54
Calculate the remainder when 1525 is divided by 1508.
17
What is the remainder when 532 is divided by 27?
19
What is the remainder when 9227 is divided by 17?
13
Calculate the remainder when 145 is divided by 112.
33
Calculate the remainder when 8828 is divided by 109.
108
What is the remainder when 246 is divided by 95?
56
Calculate the remainder when 1664 is divided by 37.
36
What is the remainder when 975 is divided by 74?
13
Calculate the remainder when 173 is divided by 37.
25
What is the remainder when 70 is divided by 11?
4
Calculate the remainder when 1032 is divided by 398.
236
Calculate the remainder when 336 is divided by 325.
11
Calculate the remainder when 66 is divided by 43.
23
Calculate the remainder when 3299 is divided by 26.
23
What is the remainder when 462 is divided by 132?
66
Calculate the remainder when 2164 is divided by 1082.
0
What is the remainder when 52 is divided by 34?
18
Calculate the remainder when 338 is divided by 31.
28
Calculate the remainder when 564 is divided by 59.
33
Calculate the remainder when 891 is divided by 61.
37
What is the remainder when 45029 is divided by 19?
18
What is the remainder when 1057 is divided by 106?
103
What is the remainder when 334 is divided by 104?
22
Calculate the remainder when 3077 is divided by 20.
17
Calculate the remainder when 5879 is divided by 120.
119
What is the remainder when 509 is divided by 171?
167
Calculate the remainder when 281 is divided by 36.
29
Calculate the remainder when 1536 is divided by 57.
54
Calculate the remainder when 1733 is divided by 577.
2
Calculate the remainder when 84 is divided by 10.
4
What is the remainder when 2696 is divided by 12?
8
What is the remainder when 4324 is divided by 117?
112
Calculate the remainder when 9920 is divided by 41.
39
Calculate the remainder when 835 is divided by 38.
37
What is the remainder when 581 is divided by 213?
155
Calculate the remainder when 182 is divided by 169.
13
Calculate the remainder when 483 is divided by 233.
17
Calculate the remainder when 2121 is divided by 12.
9
Calculate the remainder when 95 is divided by 25.
20
Calculate the remainder when 431 is divided by 15.
11
What is the remainder when 101 is divided by 87?
14
What is the remainder when 1766 is divided by 57?
56
What is the remainder when 321 is divided by 36?
33
What is the remainder when 609 is divided by 61?
60
Calculate the remainder when 70 is divided by 26.
18
Calculate the remainder when 1126 is divided by 13.
8
What is the remainder when 610 is divided by 588?
22
Calculate the remainder when 958 is divided by 32.
30
What is the remainder when 191 is divided by 12?
11
Calculate the remainder when 114 is divided by 91.
23
What is the remainder when 204 is divided by 56?
36
Calculate the remainder when 2186 is divided by 129.
122
What is the remainder when 2615 is divided by 34?
31
Calculate the remainder when 105 is divided by 41.
23
What is the remainder when 681 is divided by 45?
6
What is the remainder when 4184 is divided by 13?
11
Calculate the remainder when 6 is divided by 3.
0
Calculate the remainder when 85 is divided by 54.
31
Calculate the remainder when 121 is divided by 32.
25
Calculate the remainder when 20 is divided by 15.
5
What is the remainder when 529 is divided by 59?
57
What is the remainder when 845 is divided by 76?
9
What is the remainder when 1180 is divided by 47?
5
What is the remainder when 261 is divided by 138?
123
What is the remainder when 4550 is divided by 2271?
8
Calculate the remainder when 92 is divided by 52.
40
Calculate the remainder when 2190 is divided by 148.
118
Calculate the remainder when 382 is divided by 46.
14
Calculate the remainder when 66 is divided by 27.
12
Calculate the remainder when 1443 is divided by 243.
228
What is the remainder when 314 is divided by 267?
47
Calculate the remainder when 54 is divided by 27.
0
Calculate the remainder when 621 is divided by 39.
36
Calculate the remainder when 213 is divided by 31.
27
What is the remainder when 93 is divided by 10?
3
Calculate the remainder when 5575 is divided by 169.
167
Calculate the remainder when 262 is divided by 33.
31
What is the remainder when 299 is divided by 12?
11
Calculate the remainder when 2357 is divided by 196.
5
Calculate the remainder when 1740 is divided by 109.
105
Calculate the remainder when 1695 is divided by 85.
80
What is the remainder when 3363 is divided by 153?
150
What is the remainder when 175 is divided by 69?
37
What is the remainder when 413 is divided by 42?
35
What is the remainder when 352 is divided by 5?
2
What is the remainder when 1127 is divided by 4?
3
Calculate the remainder when 486 is divided by 25.
11
What is the remainder when 306 is divided by 73?
14
Calculate the remainder when 2222 is divided by 74.
2
What is the remainder when 8375 is divided by 118?
115
Calculate the remainder when 52 is divided by 15.
7
Calculate the remainder when 113 is divided by 29.
26
What is the remainder when 5423 is divided by 19?
8
Calculate the remainder when 52 is divided by 15.
7
Calculate the remainder when 932 is divided by 5.
2
Calculate the remainder when 1418 is divided by 1412.
6
What is the remainder when 135 is divided by 55?
25
What is the remainder when 251 is divided by 74?
29
What is the remainder when 220 is divided by 48?
28
What is the remainder when 735 is divided by 67?
65
Calculate the remainder when 6132 is divided by 118.
114
What is the remainder when 13591 is divided by 33?
28
Calculate the remainder when 394 is divided by 6.
4
What is the remainder when 668 is divided by 8?
4
Calculate the remainder when 182 is divided by 67.
48
Calculate the remainder when 445 is divided by 89.
0
Calculate the remainder when 5160 is divided by 126.
120
What is the remainder when 466 is divided by 6?
4
What is the remainder when 160 is divided by 27?
25
Calculate the remainder when 744 is divided by 7.
2
Calculate the remainder when 253 is divided by 52.
45
What is the remainder when 643 is divided by 108?
103
Calculate the remainder when 162 is divided by 4.
2
What is the remainder when 118 is divided by 16?
6
What is the remainder when 4215 is divided by 49?
1
Calculate the remainder when 1327 is divided by 66.
7
Calculate the remainder when 442 is divided by 120.
82
Calculate the remainder when 318 is divided by 23.
19
Calculate the remainder when 14 is divided by 7.
0
Calculate the remainder when 964 is divided by 193.
192
Calculate the remainder when 15655 is divided by 8.
7
Calculate the remainder when 469 is divided by 8.
5
What is the remainder when 275 is divided by 36?
23
Calculate the remainder when 239 is divided by 82.
75
What is the remainder when 290 is divided by 59?
54
What is the remainder when 261 is divided by 45?
36
Calculate the remainder when 367 is divided by 43.
23
Calculate the remainder when 104 is divided by 18.
14
Calculate the remainder when 329 is divided by 37.
33
What is the remainder when 85 is divided by 5?
0
Calculate the remainder when 1132 is divided by 152.
68
What is the remainder when 188 is divided by 16?
12
What is the remainder when 56068 is divided by 18?
16
What is the remainder when 316 is divided by 25?
16
What is the remainder when 169 is divided by 15?
4
What is the remainder when 1517 is divided by 84?
5
Calculate the remainder when 3469 is divided by 62.
59
Calculate the remainder when 111 is divided by 30.
21
Calculate the remainder when 84 is divided by 19.
8
What is the remainder when 166 is divided by 39?
10
Calculate the remainder when 149 is divided by 31.
25
What is the remainder when 110 is divided by 28?
26
Calculate the remainder when 37 is divided by 8.
5
What is the remainder when 76 is divided by 3?
1
Calculate the remainder when 51 is divided by 48.
3
Calculate the remainder when 7352 is divided by 98.
2
What is the remainder when 1522 is divided by 191?
185
Calculate the remainder when 135 is divided by 23.
20
Calculate the remainder when 361 is divided by 11.
9
Calculate the remainder when 21713 is divided by 47.
46
What is the remainder when 200 is divided by 82?
36
What is the remainder when 2394 is divided by 595?
14
Calculate the remainder when 48 is divided b